{"id":43,"date":"2017-08-25T13:35:02","date_gmt":"2017-08-25T11:35:02","guid":{"rendered":"https:\/\/mederius.bnb-infosec.com\/?page_id=43"},"modified":"2021-08-13T13:37:05","modified_gmt":"2021-08-13T11:37:05","slug":"einrichtung","status":"publish","type":"page","link":"https:\/\/mederius.de\/index.php\/einrichtung\/","title":{"rendered":"Einrichtung"},"content":{"rendered":"<p class=\"subHeader\" style=\"text-align: left;\" align=\"center\">Was Sie \u00fcber uns wissen sollten&#8230;<\/p>\n<p>Bei der Mederius GmbH handelt es sich um ein sozialpsychiatrisches Wohn- und Fachpflegeeinrichtung. Diese hat Platz f\u00fcr 90 Heimbewohner. Die Einrichtung gliedert sich in mehrere getrennte Hauskomplexe auf, die sich an unterschiedlichen Standorten im Dorfkern von Bim\u00f6hlen befinden. Damit k\u00f6nnen wir das Wohngruppenkonzept sehr gut umsetzen. Je nach Krankheitsbild, Pflegestufe und Alter werden in den einzelnen Hauskomplexen die Heimbewohner speziell und individuell, entsprechend ihrem Krankheitsbild, integriert.<\/p>\n<p style=\"text-align: center;\"><img loading=\"lazy\" decoding=\"async\" class=\"alignnone  wp-image-666\" src=\"https:\/\/mederius.de\/wp-content\/uploads\/2021\/06\/Medrius-GmbH-scaled.jpg\" alt=\"\" width=\"519\" height=\"389\" srcset=\"https:\/\/mederius.de\/wp-content\/uploads\/2021\/06\/Medrius-GmbH-scaled.jpg 2560w, https:\/\/mederius.de\/wp-content\/uploads\/2021\/06\/Medrius-GmbH-300x225.jpg 300w, https:\/\/mederius.de\/wp-content\/uploads\/2021\/06\/Medrius-GmbH-1024x768.jpg 1024w, https:\/\/mederius.de\/wp-content\/uploads\/2021\/06\/Medrius-GmbH-768x576.jpg 768w, https:\/\/mederius.de\/wp-content\/uploads\/2021\/06\/Medrius-GmbH-1536x1152.jpg 1536w, https:\/\/mederius.de\/wp-content\/uploads\/2021\/06\/Medrius-GmbH-2048x1536.jpg 2048w, https:\/\/mederius.de\/wp-content\/uploads\/2021\/06\/Medrius-GmbH-150x113.jpg 150w\" sizes=\"auto, (max-width: 519px) 100vw, 519px\" \/><\/p>\n<p style=\"text-align: justify;\">So ist unser besch\u00fctzer Wohnbereich 1 im &#8222;Haus Entenbusch&#8220; vornehmlich f\u00fcr j\u00fcngere Heimbewohner bis zum ca. 45. Lebensalter vorgesehen. Hier haben wir eine Wohngruppe, die auf die Betreuung von Bewohnern mit Doppeldiagnosen (Sucht und Psychose) spezialisiert ist.<br \/>\nUnser Hauskomplex in der Dorfstra\u00dfe, wird als \u201eoffener Bereich\u201c gef\u00fchrt. Bei einer umfassenden und sachgerechten, pflegerischen und therapeutischen Betreuung, die dem Bewohner, Perspektive, Halt und Tagesstruktur gibt, k\u00f6nnen wir erfreulicherweise feststellen, dass viele Bewohner, die fr\u00fcher noch der besch\u00fctzten Unterbringung bedurften, diesem Erfordernis nicht mehr unterliegen. Sie k\u00f6nnen dann in unseren offenen Bereich wechseln bzw. auch in andere Einrichtungen.<br \/>\nDer zweite Hauskomplex am Dorfplatz, die &#8222;Villa am Dorfplatz&#8220; wird vornehmlich von Bewohnern mit Mehrfachbehinderung und von psychisch erkrankten Bewohnern mit Minderbegabung bewohnt.<br \/>\nUnser Reihenhauskomplex &#8222;Lange Reihe&#8220; an der Hasenmoorer Stra\u00dfe\/Dorfplatz steht dann unseren Bewohnern mittleren und h\u00f6heren Lebensalters zur Verf\u00fcgung.<\/p>\n<p style=\"text-align: justify;\">Wir \u00fcbersenden Ihnen gern unser umfassendes Therapiekonzept. Sofern Sie Fragen zu Krankheitsbildern und Aufnahmekriterien haben, sprechen Sie uns an!<\/p>\n<p style=\"text-align: justify;\">Wir kommen hierzu auch gerne zu Ihnen ins Haus, um Sie bzw. Ihren Betreuten kennen zu lernen.<\/p>\n","protected":false},"excerpt":{"rendered":"<p>Was Sie \u00fcber uns wissen sollten&#8230; Bei der Mederius GmbH handelt es sich um ein sozialpsychiatrisches Wohn- und Fachpflegeeinrichtung. Diese hat Platz f\u00fcr 90 Heimbewohner. Die Einrichtung gliedert sich in mehrere getrennte Hauskomplexe auf, die sich an unterschiedlichen Standorten im Dorfkern von Bim\u00f6hlen befinden. Damit k\u00f6nnen wir das Wohngruppenkonzept sehr\u2026<\/p>\n<p> <a class=\"continue-reading-link\" href=\"https:\/\/mederius.de\/index.php\/einrichtung\/\"><span>Continue reading<\/span><i class=\"crycon-right-dir\"><\/i><\/a> <\/p>\n","protected":false},"author":1,"featured_media":0,"parent":0,"menu_order":0,"comment_status":"closed","ping_status":"closed","template":"","meta":{"footnotes":""},"class_list":["post-43","page","type-page","status-publish","hentry"],"_links":{"self":[{"href":"https:\/\/mederius.de\/index.php\/wp-json\/wp\/v2\/pages\/43","targetHints":{"allow":["GET"]}}],"collection":[{"href":"https:\/\/mederius.de\/index.php\/wp-json\/wp\/v2\/pages"}],"about":[{"href":"https:\/\/mederius.de\/index.php\/wp-json\/wp\/v2\/types\/page"}],"author":[{"embeddable":true,"href":"https:\/\/mederius.de\/index.php\/wp-json\/wp\/v2\/users\/1"}],"replies":[{"embeddable":true,"href":"https:\/\/mederius.de\/index.php\/wp-json\/wp\/v2\/comments?post=43"}],"version-history":[{"count":4,"href":"https:\/\/mederius.de\/index.php\/wp-json\/wp\/v2\/pages\/43\/revisions"}],"predecessor-version":[{"id":684,"href":"https:\/\/mederius.de\/index.php\/wp-json\/wp\/v2\/pages\/43\/revisions\/684"}],"wp:attachment":[{"href":"https:\/\/mederius.de\/index.php\/wp-json\/wp\/v2\/media?parent=43"}],"curies":[{"name":"wp","href":"https:\/\/api.w.org\/{rel}","templated":true}]}}

<p class="subHeader" style="text-align: left;" align="center">Was Sie über uns wissen sollten&#8230;</p>
<p>Bei der Mederius GmbH handelt es sich um ein sozialpsychiatrisches Wohn- und Fachpflegeeinrichtung. Diese hat Platz für 90 Heimbewohner. Die Einrichtung gliedert sich in mehrere getrennte Hauskomplexe auf, die sich an unterschiedlichen Standorten im Dorfkern von Bimöhlen befinden. Damit können wir das Wohngruppenkonzept sehr gut umsetzen. Je nach Krankheitsbild, Pflegestufe und Alter werden in den einzelnen Hauskomplexen die Heimbewohner speziell und individuell, entsprechend ihrem Krankheitsbild, integriert.</p>
<p style="text-align: center;"><img loading="lazy" decoding="async" class="alignnone  wp-image-666" src="https://mederius.de/wp-content/uploads/2021/06/Medrius-GmbH-scaled.jpg" alt="" width="519" height="389" srcset="https://mederius.de/wp-content/uploads/2021/06/Medrius-GmbH-scaled.jpg 2560w, https://mederius.de/wp-content/uploads/2021/06/Medrius-GmbH-300x225.jpg 300w, https://mederius.de/wp-content/uploads/2021/06/Medrius-GmbH-1024x768.jpg 1024w, https://mederius.de/wp-content/uploads/2021/06/Medrius-GmbH-768x576.jpg 768w, https://mederius.de/wp-content/uploads/2021/06/Medrius-GmbH-1536x1152.jpg 1536w, https://mederius.de/wp-content/uploads/2021/06/Medrius-GmbH-2048x1536.jpg 2048w, https://mederius.de/wp-content/uploads/2021/06/Medrius-GmbH-150x113.jpg 150w" sizes="auto, (max-width: 519px) 100vw, 519px" /></p>
<p style="text-align: justify;">So ist unser beschützer Wohnbereich 1 im &#8222;Haus Entenbusch&#8220; vornehmlich für jüngere Heimbewohner bis zum ca. 45. Lebensalter vorgesehen. Hier haben wir eine Wohngruppe, die auf die Betreuung von Bewohnern mit Doppeldiagnosen (Sucht und Psychose) spezialisiert ist.<br />
Unser Hauskomplex in der Dorfstraße, wird als „offener Bereich“ geführt. Bei einer umfassenden und sachgerechten, pflegerischen und therapeutischen Betreuung, die dem Bewohner, Perspektive, Halt und Tagesstruktur gibt, können wir erfreulicherweise feststellen, dass viele Bewohner, die früher noch der beschützten Unterbringung bedurften, diesem Erfordernis nicht mehr unterliegen. Sie können dann in unseren offenen Bereich wechseln bzw. auch in andere Einrichtungen.<br />
Der zweite Hauskomplex am Dorfplatz, die &#8222;Villa am Dorfplatz&#8220; wird vornehmlich von Bewohnern mit Mehrfachbehinderung und von psychisch erkrankten Bewohnern mit Minderbegabung bewohnt.<br />
Unser Reihenhauskomplex &#8222;Lange Reihe&#8220; an der Hasenmoorer Straße/Dorfplatz steht dann unseren Bewohnern mittleren und höheren Lebensalters zur Verfügung.</p>
<p style="text-align: justify;">Wir übersenden Ihnen gern unser umfassendes Therapiekonzept. Sofern Sie Fragen zu Krankheitsbildern und Aufnahmekriterien haben, sprechen Sie uns an!</p>
<p style="text-align: justify;">Wir kommen hierzu auch gerne zu Ihnen ins Haus, um Sie bzw. Ihren Betreuten kennen zu lernen.</p>

<p>Was Sie über uns wissen sollten&#8230; Bei der Mederius GmbH handelt es sich um ein sozialpsychiatrisches Wohn- und Fachpflegeeinrichtung. Diese hat Platz für 90 Heimbewohner. Die Einrichtung gliedert sich in mehrere getrennte Hauskomplexe auf, die sich an unterschiedlichen Standorten im Dorfkern von Bimöhlen befinden. Damit können wir das Wohngruppenkonzept sehr…</p>
<p> <a class="continue-reading-link" href="https://mederius.de/index.php/einrichtung/"><span>Continue reading</span><i class="crycon-right-dir"></i></a> </p>
