{"id":136,"date":"2017-08-25T15:16:47","date_gmt":"2017-08-25T13:16:47","guid":{"rendered":"https:\/\/mederius.bnb-infosec.com\/?page_id=136"},"modified":"2025-06-04T14:31:04","modified_gmt":"2025-06-04T12:31:04","slug":"veranstaltungen","status":"publish","type":"page","link":"https:\/\/mederius.de\/index.php\/veranstaltungen\/","title":{"rendered":"Altenpflegesymposium"},"content":{"rendered":"<p class=\"pageName\">Altenpflegesymposium<\/p>\n<p class=\"pageNameFRAME\">Im kommenden Jahr findet unser Altenpflegesymposium statt. N\u00e4here Informationen folgen.<br \/>\nHier finden sie die Pr\u00e4sentationen zu den Vortr\u00e4gen unseres Altenpflegesymposiums aus den Vorjahren.<\/p>\n<p>Aktuelles zu den Pr\u00fcfungen und Transparenzkriterien des MDK<br \/>\n<a href=\"https:\/\/mederius.bnb-infosec.com\/wp-content\/uploads\/2017\/08\/mdktrans.pdf\">PDF Download<\/a><\/p>\n<p>Aktuelle Haftungsfragen in der Altenpflege<br \/>\n<a href=\"https:\/\/mederius.bnb-infosec.com\/wp-content\/uploads\/2017\/08\/haftung.pdf\">PDF Download<\/a><\/p>\n<p>Rund um die Pfleges\u00e4tze<br \/>\n<a href=\"https:\/\/mederius.bnb-infosec.com\/wp-content\/uploads\/2017\/08\/rundumpflegesaetze.pdf\">PDF Download<\/a><\/p>\n<p>Scheinselbstst\u00e4tndigkeit in der Pflege<br \/>\n<a href=\"https:\/\/mederius.bnb-infosec.com\/wp-content\/uploads\/2017\/08\/scheinselbst.pdf\">PDF Download<\/a><\/p>\n<p>Das Selbstbestimmungsst\u00e4rkungsgesetz<br \/>\n<a href=\"https:\/\/mederius.bnb-infosec.com\/wp-content\/uploads\/2017\/08\/selbstbst.pdf\">PDF Download<\/a><\/p>\n","protected":false},"excerpt":{"rendered":"<p>Altenpflegesymposium Im kommenden Jahr findet unser Altenpflegesymposium statt. N\u00e4here Informationen folgen. Hier finden sie die Pr\u00e4sentationen zu den Vortr\u00e4gen unseres Altenpflegesymposiums aus den Vorjahren. Aktuelles zu den Pr\u00fcfungen und Transparenzkriterien des MDK PDF Download Aktuelle Haftungsfragen in der Altenpflege PDF Download Rund um die Pfleges\u00e4tze PDF Download Scheinselbstst\u00e4tndigkeit in der\u2026<\/p>\n<p> <a class=\"continue-reading-link\" href=\"https:\/\/mederius.de\/index.php\/veranstaltungen\/\"><span>Continue reading<\/span><i class=\"crycon-right-dir\"><\/i><\/a> <\/p>\n","protected":false},"author":1,"featured_media":0,"parent":0,"menu_order":0,"comment_status":"closed","ping_status":"closed","template":"","meta":{"footnotes":""},"class_list":["post-136","page","type-page","status-publish","hentry"],"_links":{"self":[{"href":"https:\/\/mederius.de\/index.php\/wp-json\/wp\/v2\/pages\/136","targetHints":{"allow":["GET"]}}],"collection":[{"href":"https:\/\/mederius.de\/index.php\/wp-json\/wp\/v2\/pages"}],"about":[{"href":"https:\/\/mederius.de\/index.php\/wp-json\/wp\/v2\/types\/page"}],"author":[{"embeddable":true,"href":"https:\/\/mederius.de\/index.php\/wp-json\/wp\/v2\/users\/1"}],"replies":[{"embeddable":true,"href":"https:\/\/mederius.de\/index.php\/wp-json\/wp\/v2\/comments?post=136"}],"version-history":[{"count":9,"href":"https:\/\/mederius.de\/index.php\/wp-json\/wp\/v2\/pages\/136\/revisions"}],"predecessor-version":[{"id":752,"href":"https:\/\/mederius.de\/index.php\/wp-json\/wp\/v2\/pages\/136\/revisions\/752"}],"wp:attachment":[{"href":"https:\/\/mederius.de\/index.php\/wp-json\/wp\/v2\/media?parent=136"}],"curies":[{"name":"wp","href":"https:\/\/api.w.org\/{rel}","templated":true}]}}