{"id":118,"date":"2017-08-25T14:44:01","date_gmt":"2017-08-25T12:44:01","guid":{"rendered":"https:\/\/mederius.bnb-infosec.com\/?page_id=118"},"modified":"2017-09-05T10:20:28","modified_gmt":"2017-09-05T08:20:28","slug":"die-aerztliche-versorgung","status":"publish","type":"page","link":"https:\/\/mederius.de\/index.php\/die-aerztliche-versorgung\/","title":{"rendered":"Die \u00e4rztliche Versorgung"},"content":{"rendered":"<p style=\"text-align: justify;\">Die \u00e4rztliche Versorgung wird durch unsere niedergelassenen praktischen \u00c4rzte gew\u00e4hrleistet. Die Einrichtung h\u00e4lt dar\u00fcber hinaus einen Facharzt f\u00fcr Neurologie und Psychiatrie vor, der w\u00f6chentlich ein- bis zweimal in der Einrichtung erscheint f\u00fcr Einzelgespr\u00e4che, Visiten etc. . Die Bewohner k\u00f6nnen sich selbstverst\u00e4ndlich auch durch niedergelassene Fach\u00e4rzte f\u00fcr Psychiatrie, die sich in der Umgebung befinden, versorgen lassen.<\/p>\n","protected":false},"excerpt":{"rendered":"<p>Die \u00e4rztliche Versorgung wird durch unsere niedergelassenen praktischen \u00c4rzte gew\u00e4hrleistet. Die Einrichtung h\u00e4lt dar\u00fcber hinaus einen Facharzt f\u00fcr Neurologie und Psychiatrie vor, der w\u00f6chentlich ein- bis zweimal in der Einrichtung erscheint f\u00fcr Einzelgespr\u00e4che, Visiten etc. . Die Bewohner k\u00f6nnen sich selbstverst\u00e4ndlich auch durch niedergelassene Fach\u00e4rzte f\u00fcr Psychiatrie, die sich in\u2026<\/p>\n<p> <a class=\"continue-reading-link\" href=\"https:\/\/mederius.de\/index.php\/die-aerztliche-versorgung\/\"><span>Continue reading<\/span><i class=\"crycon-right-dir\"><\/i><\/a> <\/p>\n","protected":false},"author":1,"featured_media":0,"parent":0,"menu_order":0,"comment_status":"closed","ping_status":"closed","template":"","meta":{"footnotes":""},"class_list":["post-118","page","type-page","status-publish","hentry"],"_links":{"self":[{"href":"https:\/\/mederius.de\/index.php\/wp-json\/wp\/v2\/pages\/118","targetHints":{"allow":["GET"]}}],"collection":[{"href":"https:\/\/mederius.de\/index.php\/wp-json\/wp\/v2\/pages"}],"about":[{"href":"https:\/\/mederius.de\/index.php\/wp-json\/wp\/v2\/types\/page"}],"author":[{"embeddable":true,"href":"https:\/\/mederius.de\/index.php\/wp-json\/wp\/v2\/users\/1"}],"replies":[{"embeddable":true,"href":"https:\/\/mederius.de\/index.php\/wp-json\/wp\/v2\/comments?post=118"}],"version-history":[{"count":2,"href":"https:\/\/mederius.de\/index.php\/wp-json\/wp\/v2\/pages\/118\/revisions"}],"predecessor-version":[{"id":415,"href":"https:\/\/mederius.de\/index.php\/wp-json\/wp\/v2\/pages\/118\/revisions\/415"}],"wp:attachment":[{"href":"https:\/\/mederius.de\/index.php\/wp-json\/wp\/v2\/media?parent=118"}],"curies":[{"name":"wp","href":"https:\/\/api.w.org\/{rel}","templated":true}]}}